{"id":5962,"date":"2022-01-04T14:23:19","date_gmt":"2022-01-04T13:23:19","guid":{"rendered":"https:\/\/www.naturama-animalerie.com\/haguenau\/?post_type=product&#038;p=5962"},"modified":"2022-01-04T15:06:01","modified_gmt":"2022-01-04T14:06:01","slug":"ameliorez-lhydratation-de-votre-chat-ou-petit-chien-grace-a-la-fontaine-a-eau-vega","status":"publish","type":"product","link":"https:\/\/www.naturama-animalerie.com\/haguenau\/produit\/ameliorez-lhydratation-de-votre-chat-ou-petit-chien-grace-a-la-fontaine-a-eau-vega\/","title":{"rendered":"Am\u00e9liorez l&rsquo;hydratation de votre chat ou petit chien gr\u00e2ce \u00e0 la fontaine \u00e0 eau VEGA"},"content":{"rendered":"<p>Elle fournit au quotidien une eau propre, fra\u00eeche et constamment renouvel\u00e9e afin de favoriser l&rsquo;hydratation, ce qui est essentiel pour le corps et la sant\u00e9 de votre chat ou petit chien.<\/p>\n<p><img loading=\"lazy\" decoding=\"async\" class=\"alignnone wp-image-6347\" src=\"https:\/\/www.naturama-animalerie.com\/dorlisheim\/wp-content\/uploads\/sites\/3\/2021\/12\/onaime.png\" alt=\"\" width=\"150\" height=\"41\" \/><\/p>\n<ul>\n<li>L&rsquo;eau en mouvement gr\u00e2ce \u00e0 la fontaine incite le chat \u00e0 boire.<\/li>\n<li>Un filtre \u00e0 charbon inclus permet de garantir la propret\u00e9 de l&rsquo;eau en retenant : impuret\u00e9s, salet\u00e9s ou poils&#8230; pouvant dissuader votre animal de s&rsquo;hydrater.<\/li>\n<li>Entretien facile : il vous suffit de v\u00e9rifier r\u00e9guli\u00e8rement le niveau d&rsquo;eau pr\u00e9sent dans le r\u00e9servoir, de nettoyer de temps en temps votre fontaine et de changer le filtre une fois qu&rsquo;il est trop us\u00e9.<\/li>\n<li>Protection antibact\u00e9rienne permanente gr\u00e2ce au Sanitized int\u00e9gr\u00e9e dans le plastique.<\/li>\n<li>D\u00e9bit d&rsquo;eau r\u00e9glable avec une capacit\u00e9 de 2 litres.<\/li>\n<\/ul>\n<p>&nbsp;<\/p>\n","protected":false},"excerpt":{"rendered":"<p>Cette fontaine \u00e0 eau pour chat ou petit chien, offre de nombreux avantages et vous aides \u00e0 pr\u00e9server la sant\u00e9 et le bien-\u00eatre de votre animal.<\/p>\n","protected":false},"featured_media":5557,"template":"","meta":[],"product_brand":[],"product_cat":[28,44,69,58],"product_tag":[],"class_list":{"0":"post-5962","1":"product","2":"type-product","3":"status-publish","4":"has-post-thumbnail","6":"product_cat-animalerie","7":"product_cat-chat","8":"product_cat-chiens-2","9":"product_cat-produits-semaine","11":"first","12":"instock","13":"taxable","14":"shipping-taxable","15":"product-type-simple"},"yoast_head":"<!-- This site is optimized with the Yoast SEO plugin v27.5 - https:\/\/yoast.com\/product\/yoast-seo-wordpress\/ -->\n<title>Am\u00e9liorez l&#039;hydratation de votre chat ou petit chien gr\u00e2ce \u00e0 la fontaine \u00e0 eau VEGA | Naturama Haguenau<\/title>\n<meta name=\"robots\" content=\"index, follow, max-snippet:-1, max-image-preview:large, max-video-preview:-1\" \/>\n<link rel=\"canonical\" href=\"https:\/\/www.naturama-animalerie.com\/haguenau\/produit\/ameliorez-lhydratation-de-votre-chat-ou-petit-chien-grace-a-la-fontaine-a-eau-vega\/\" \/>\n<meta property=\"og:locale\" content=\"fr_FR\" \/>\n<meta property=\"og:type\" content=\"article\" \/>\n<meta property=\"og:title\" content=\"Am\u00e9liorez l&#039;hydratation de votre chat ou petit chien gr\u00e2ce \u00e0 la fontaine \u00e0 eau VEGA | Naturama Haguenau\" \/>\n<meta property=\"og:description\" content=\"Cette fontaine \u00e0 eau pour chat ou petit chien, offre de nombreux avantages et vous aides \u00e0 pr\u00e9server la sant\u00e9 et le bien-\u00eatre de votre animal.\" \/>\n<meta property=\"og:url\" content=\"https:\/\/www.naturama-animalerie.com\/haguenau\/produit\/ameliorez-lhydratation-de-votre-chat-ou-petit-chien-grace-a-la-fontaine-a-eau-vega\/\" \/>\n<meta property=\"og:site_name\" content=\"Naturama Haguenau\" \/>\n<meta property=\"article:modified_time\" content=\"2022-01-04T14:06:01+00:00\" \/>\n<meta property=\"og:image\" content=\"https:\/\/www.naturama-animalerie.com\/haguenau\/wp-content\/uploads\/sites\/2\/2021\/12\/fontaine-a-eau-vega-mise-en-scene.jpg\" \/>\n\t<meta property=\"og:image:width\" content=\"1000\" \/>\n\t<meta property=\"og:image:height\" content=\"1000\" \/>\n\t<meta property=\"og:image:type\" content=\"image\/jpeg\" \/>\n<meta name=\"twitter:card\" content=\"summary_large_image\" \/>\n<meta name=\"twitter:label1\" content=\"Dur\u00e9e de lecture estim\u00e9e\" \/>\n\t<meta name=\"twitter:data1\" content=\"1 minute\" \/>\n<script type=\"application\/ld+json\" class=\"yoast-schema-graph\">{\"@context\":\"https:\\\/\\\/schema.org\",\"@graph\":[{\"@type\":\"WebPage\",\"@id\":\"https:\\\/\\\/www.naturama-animalerie.com\\\/haguenau\\\/produit\\\/ameliorez-lhydratation-de-votre-chat-ou-petit-chien-grace-a-la-fontaine-a-eau-vega\\\/\",\"url\":\"https:\\\/\\\/www.naturama-animalerie.com\\\/haguenau\\\/produit\\\/ameliorez-lhydratation-de-votre-chat-ou-petit-chien-grace-a-la-fontaine-a-eau-vega\\\/\",\"name\":\"Am\u00e9liorez l'hydratation de votre chat ou petit chien gr\u00e2ce \u00e0 la fontaine \u00e0 eau VEGA | Naturama Haguenau\",\"isPartOf\":{\"@id\":\"https:\\\/\\\/www.naturama-animalerie.com\\\/haguenau\\\/#website\"},\"primaryImageOfPage\":{\"@id\":\"https:\\\/\\\/www.naturama-animalerie.com\\\/haguenau\\\/produit\\\/ameliorez-lhydratation-de-votre-chat-ou-petit-chien-grace-a-la-fontaine-a-eau-vega\\\/#primaryimage\"},\"image\":{\"@id\":\"https:\\\/\\\/www.naturama-animalerie.com\\\/haguenau\\\/produit\\\/ameliorez-lhydratation-de-votre-chat-ou-petit-chien-grace-a-la-fontaine-a-eau-vega\\\/#primaryimage\"},\"thumbnailUrl\":\"https:\\\/\\\/www.naturama-animalerie.com\\\/haguenau\\\/wp-content\\\/uploads\\\/sites\\\/2\\\/2021\\\/12\\\/fontaine-a-eau-vega-mise-en-scene.jpg\",\"datePublished\":\"2022-01-04T13:23:19+00:00\",\"dateModified\":\"2022-01-04T14:06:01+00:00\",\"breadcrumb\":{\"@id\":\"https:\\\/\\\/www.naturama-animalerie.com\\\/haguenau\\\/produit\\\/ameliorez-lhydratation-de-votre-chat-ou-petit-chien-grace-a-la-fontaine-a-eau-vega\\\/#breadcrumb\"},\"inLanguage\":\"fr-FR\",\"potentialAction\":[{\"@type\":\"ReadAction\",\"target\":[\"https:\\\/\\\/www.naturama-animalerie.com\\\/haguenau\\\/produit\\\/ameliorez-lhydratation-de-votre-chat-ou-petit-chien-grace-a-la-fontaine-a-eau-vega\\\/\"]}]},{\"@type\":\"ImageObject\",\"inLanguage\":\"fr-FR\",\"@id\":\"https:\\\/\\\/www.naturama-animalerie.com\\\/haguenau\\\/produit\\\/ameliorez-lhydratation-de-votre-chat-ou-petit-chien-grace-a-la-fontaine-a-eau-vega\\\/#primaryimage\",\"url\":\"https:\\\/\\\/www.naturama-animalerie.com\\\/haguenau\\\/wp-content\\\/uploads\\\/sites\\\/2\\\/2021\\\/12\\\/fontaine-a-eau-vega-mise-en-scene.jpg\",\"contentUrl\":\"https:\\\/\\\/www.naturama-animalerie.com\\\/haguenau\\\/wp-content\\\/uploads\\\/sites\\\/2\\\/2021\\\/12\\\/fontaine-a-eau-vega-mise-en-scene.jpg\",\"width\":1000,\"height\":1000},{\"@type\":\"BreadcrumbList\",\"@id\":\"https:\\\/\\\/www.naturama-animalerie.com\\\/haguenau\\\/produit\\\/ameliorez-lhydratation-de-votre-chat-ou-petit-chien-grace-a-la-fontaine-a-eau-vega\\\/#breadcrumb\",\"itemListElement\":[{\"@type\":\"ListItem\",\"position\":1,\"name\":\"Accueil\",\"item\":\"https:\\\/\\\/www.naturama-animalerie.com\\\/haguenau\\\/\"},{\"@type\":\"ListItem\",\"position\":2,\"name\":\"vente-en-ligne\",\"item\":\"https:\\\/\\\/www.naturama-animalerie.com\\\/haguenau\\\/vente-en-ligne\\\/\"},{\"@type\":\"ListItem\",\"position\":3,\"name\":\"Am\u00e9liorez l&rsquo;hydratation de votre chat ou petit chien gr\u00e2ce \u00e0 la fontaine \u00e0 eau VEGA\"}]},{\"@type\":\"WebSite\",\"@id\":\"https:\\\/\\\/www.naturama-animalerie.com\\\/haguenau\\\/#website\",\"url\":\"https:\\\/\\\/www.naturama-animalerie.com\\\/haguenau\\\/\",\"name\":\"Naturama\",\"description\":\"Animalerie &amp; p\u00eache en Alsace\",\"publisher\":{\"@id\":\"https:\\\/\\\/www.naturama-animalerie.com\\\/haguenau\\\/#organization\"},\"potentialAction\":[{\"@type\":\"SearchAction\",\"target\":{\"@type\":\"EntryPoint\",\"urlTemplate\":\"https:\\\/\\\/www.naturama-animalerie.com\\\/haguenau\\\/?s={search_term_string}\"},\"query-input\":{\"@type\":\"PropertyValueSpecification\",\"valueRequired\":true,\"valueName\":\"search_term_string\"}}],\"inLanguage\":\"fr-FR\"},{\"@type\":\"Organization\",\"@id\":\"https:\\\/\\\/www.naturama-animalerie.com\\\/haguenau\\\/#organization\",\"name\":\"Naturama Animalerie et P\u00eache\",\"url\":\"https:\\\/\\\/www.naturama-animalerie.com\\\/haguenau\\\/\",\"logo\":{\"@type\":\"ImageObject\",\"inLanguage\":\"fr-FR\",\"@id\":\"https:\\\/\\\/www.naturama-animalerie.com\\\/haguenau\\\/#\\\/schema\\\/logo\\\/image\\\/\",\"url\":\"https:\\\/\\\/www.naturama-animalerie.com\\\/haguenau\\\/wp-content\\\/uploads\\\/sites\\\/2\\\/2019\\\/07\\\/naturama-animalerie2.png\",\"contentUrl\":\"https:\\\/\\\/www.naturama-animalerie.com\\\/haguenau\\\/wp-content\\\/uploads\\\/sites\\\/2\\\/2019\\\/07\\\/naturama-animalerie2.png\",\"width\":500,\"height\":120,\"caption\":\"Naturama Animalerie et P\u00eache\"},\"image\":{\"@id\":\"https:\\\/\\\/www.naturama-animalerie.com\\\/haguenau\\\/#\\\/schema\\\/logo\\\/image\\\/\"}}]}<\/script>\n<!-- \/ Yoast SEO plugin. -->","yoast_head_json":{"title":"Am\u00e9liorez l'hydratation de votre chat ou petit chien gr\u00e2ce \u00e0 la fontaine \u00e0 eau VEGA | Naturama Haguenau","robots":{"index":"index","follow":"follow","max-snippet":"max-snippet:-1","max-image-preview":"max-image-preview:large","max-video-preview":"max-video-preview:-1"},"canonical":"https:\/\/www.naturama-animalerie.com\/haguenau\/produit\/ameliorez-lhydratation-de-votre-chat-ou-petit-chien-grace-a-la-fontaine-a-eau-vega\/","og_locale":"fr_FR","og_type":"article","og_title":"Am\u00e9liorez l'hydratation de votre chat ou petit chien gr\u00e2ce \u00e0 la fontaine \u00e0 eau VEGA | Naturama Haguenau","og_description":"Cette fontaine \u00e0 eau pour chat ou petit chien, offre de nombreux avantages et vous aides \u00e0 pr\u00e9server la sant\u00e9 et le bien-\u00eatre de votre animal.","og_url":"https:\/\/www.naturama-animalerie.com\/haguenau\/produit\/ameliorez-lhydratation-de-votre-chat-ou-petit-chien-grace-a-la-fontaine-a-eau-vega\/","og_site_name":"Naturama Haguenau","article_modified_time":"2022-01-04T14:06:01+00:00","og_image":[{"width":1000,"height":1000,"url":"https:\/\/www.naturama-animalerie.com\/haguenau\/wp-content\/uploads\/sites\/2\/2021\/12\/fontaine-a-eau-vega-mise-en-scene.jpg","type":"image\/jpeg"}],"twitter_card":"summary_large_image","twitter_misc":{"Dur\u00e9e de lecture estim\u00e9e":"1 minute"},"schema":{"@context":"https:\/\/schema.org","@graph":[{"@type":"WebPage","@id":"https:\/\/www.naturama-animalerie.com\/haguenau\/produit\/ameliorez-lhydratation-de-votre-chat-ou-petit-chien-grace-a-la-fontaine-a-eau-vega\/","url":"https:\/\/www.naturama-animalerie.com\/haguenau\/produit\/ameliorez-lhydratation-de-votre-chat-ou-petit-chien-grace-a-la-fontaine-a-eau-vega\/","name":"Am\u00e9liorez l'hydratation de votre chat ou petit chien gr\u00e2ce \u00e0 la fontaine \u00e0 eau VEGA | Naturama Haguenau","isPartOf":{"@id":"https:\/\/www.naturama-animalerie.com\/haguenau\/#website"},"primaryImageOfPage":{"@id":"https:\/\/www.naturama-animalerie.com\/haguenau\/produit\/ameliorez-lhydratation-de-votre-chat-ou-petit-chien-grace-a-la-fontaine-a-eau-vega\/#primaryimage"},"image":{"@id":"https:\/\/www.naturama-animalerie.com\/haguenau\/produit\/ameliorez-lhydratation-de-votre-chat-ou-petit-chien-grace-a-la-fontaine-a-eau-vega\/#primaryimage"},"thumbnailUrl":"https:\/\/www.naturama-animalerie.com\/haguenau\/wp-content\/uploads\/sites\/2\/2021\/12\/fontaine-a-eau-vega-mise-en-scene.jpg","datePublished":"2022-01-04T13:23:19+00:00","dateModified":"2022-01-04T14:06:01+00:00","breadcrumb":{"@id":"https:\/\/www.naturama-animalerie.com\/haguenau\/produit\/ameliorez-lhydratation-de-votre-chat-ou-petit-chien-grace-a-la-fontaine-a-eau-vega\/#breadcrumb"},"inLanguage":"fr-FR","potentialAction":[{"@type":"ReadAction","target":["https:\/\/www.naturama-animalerie.com\/haguenau\/produit\/ameliorez-lhydratation-de-votre-chat-ou-petit-chien-grace-a-la-fontaine-a-eau-vega\/"]}]},{"@type":"ImageObject","inLanguage":"fr-FR","@id":"https:\/\/www.naturama-animalerie.com\/haguenau\/produit\/ameliorez-lhydratation-de-votre-chat-ou-petit-chien-grace-a-la-fontaine-a-eau-vega\/#primaryimage","url":"https:\/\/www.naturama-animalerie.com\/haguenau\/wp-content\/uploads\/sites\/2\/2021\/12\/fontaine-a-eau-vega-mise-en-scene.jpg","contentUrl":"https:\/\/www.naturama-animalerie.com\/haguenau\/wp-content\/uploads\/sites\/2\/2021\/12\/fontaine-a-eau-vega-mise-en-scene.jpg","width":1000,"height":1000},{"@type":"BreadcrumbList","@id":"https:\/\/www.naturama-animalerie.com\/haguenau\/produit\/ameliorez-lhydratation-de-votre-chat-ou-petit-chien-grace-a-la-fontaine-a-eau-vega\/#breadcrumb","itemListElement":[{"@type":"ListItem","position":1,"name":"Accueil","item":"https:\/\/www.naturama-animalerie.com\/haguenau\/"},{"@type":"ListItem","position":2,"name":"vente-en-ligne","item":"https:\/\/www.naturama-animalerie.com\/haguenau\/vente-en-ligne\/"},{"@type":"ListItem","position":3,"name":"Am\u00e9liorez l&rsquo;hydratation de votre chat ou petit chien gr\u00e2ce \u00e0 la fontaine \u00e0 eau VEGA"}]},{"@type":"WebSite","@id":"https:\/\/www.naturama-animalerie.com\/haguenau\/#website","url":"https:\/\/www.naturama-animalerie.com\/haguenau\/","name":"Naturama","description":"Animalerie &amp; p\u00eache en Alsace","publisher":{"@id":"https:\/\/www.naturama-animalerie.com\/haguenau\/#organization"},"potentialAction":[{"@type":"SearchAction","target":{"@type":"EntryPoint","urlTemplate":"https:\/\/www.naturama-animalerie.com\/haguenau\/?s={search_term_string}"},"query-input":{"@type":"PropertyValueSpecification","valueRequired":true,"valueName":"search_term_string"}}],"inLanguage":"fr-FR"},{"@type":"Organization","@id":"https:\/\/www.naturama-animalerie.com\/haguenau\/#organization","name":"Naturama Animalerie et P\u00eache","url":"https:\/\/www.naturama-animalerie.com\/haguenau\/","logo":{"@type":"ImageObject","inLanguage":"fr-FR","@id":"https:\/\/www.naturama-animalerie.com\/haguenau\/#\/schema\/logo\/image\/","url":"https:\/\/www.naturama-animalerie.com\/haguenau\/wp-content\/uploads\/sites\/2\/2019\/07\/naturama-animalerie2.png","contentUrl":"https:\/\/www.naturama-animalerie.com\/haguenau\/wp-content\/uploads\/sites\/2\/2019\/07\/naturama-animalerie2.png","width":500,"height":120,"caption":"Naturama Animalerie et P\u00eache"},"image":{"@id":"https:\/\/www.naturama-animalerie.com\/haguenau\/#\/schema\/logo\/image\/"}}]}},"publishpress_future_workflow_manual_trigger":{"enabledWorkflows":[]},"_links":{"self":[{"href":"https:\/\/www.naturama-animalerie.com\/haguenau\/wp-json\/wp\/v2\/product\/5962","targetHints":{"allow":["GET"]}}],"collection":[{"href":"https:\/\/www.naturama-animalerie.com\/haguenau\/wp-json\/wp\/v2\/product"}],"about":[{"href":"https:\/\/www.naturama-animalerie.com\/haguenau\/wp-json\/wp\/v2\/types\/product"}],"wp:featuredmedia":[{"embeddable":true,"href":"https:\/\/www.naturama-animalerie.com\/haguenau\/wp-json\/wp\/v2\/media\/5557"}],"wp:attachment":[{"href":"https:\/\/www.naturama-animalerie.com\/haguenau\/wp-json\/wp\/v2\/media?parent=5962"}],"wp:term":[{"taxonomy":"product_brand","embeddable":true,"href":"https:\/\/www.naturama-animalerie.com\/haguenau\/wp-json\/wp\/v2\/product_brand?post=5962"},{"taxonomy":"product_cat","embeddable":true,"href":"https:\/\/www.naturama-animalerie.com\/haguenau\/wp-json\/wp\/v2\/product_cat?post=5962"},{"taxonomy":"product_tag","embeddable":true,"href":"https:\/\/www.naturama-animalerie.com\/haguenau\/wp-json\/wp\/v2\/product_tag?post=5962"}],"curies":[{"name":"wp","href":"https:\/\/api.w.org\/{rel}","templated":true}]}}