{"id":5965,"date":"2022-01-04T14:23:19","date_gmt":"2022-01-04T13:23:19","guid":{"rendered":"https:\/\/www.naturama-animalerie.com\/haguenau\/?post_type=product&#038;p=5965"},"modified":"2022-01-04T14:44:48","modified_gmt":"2022-01-04T13:44:48","slug":"cet-hiver-protegez-votre-bassin-grace-a-la-cloche-anti-gel-superfish","status":"publish","type":"product","link":"https:\/\/www.naturama-animalerie.com\/haguenau\/produit\/cet-hiver-protegez-votre-bassin-grace-a-la-cloche-anti-gel-superfish\/","title":{"rendered":"Cet hiver prot\u00e9gez votre bassin gr\u00e2ce \u00e0 la cloche anti-gel Superfish"},"content":{"rendered":"<p>La cloche anti-gel permet de maintenir un espace sans glace sur le bassin. Cela permet \u00e0 l&rsquo;oxyg\u00e8ne et l&rsquo;air frais de passer par le trou laiss\u00e9 dans la glace. De la m\u00eame fa\u00e7on, les gaz nocifs, tels que le m\u00e9thane, pourront s&rsquo;\u00e9chapper du bassin. Ce dispositif garde le niveau du taux d&rsquo;oxyg\u00e8ne dans le bassin stable et \u00e9vite que le bassin g\u00e8le enti\u00e8rement.<\/p>\n<p><strong>Nos sp\u00e9cialistes aquariophilie, se feront un plaisir de r\u00e9pondre \u00e0 toutes vos questions !<\/strong><\/p>\n","protected":false},"excerpt":{"rendered":"<p>Cet hiver prot\u00e9gez votre bassin des temp\u00e9ratures n\u00e9gatives gr\u00e2ce \u00e0 la cloche anti-gel de Superfish. Elle permet de conserver une zone hors gel afin que vos poissons puissent respirer en surface.<\/p>\n","protected":false},"featured_media":5592,"template":"","meta":[],"product_brand":[],"product_cat":[28,48,58],"product_tag":[],"class_list":{"0":"post-5965","1":"product","2":"type-product","3":"status-publish","4":"has-post-thumbnail","6":"product_cat-animalerie","7":"product_cat-bassin","8":"product_cat-produits-semaine","10":"first","11":"instock","12":"taxable","13":"shipping-taxable","14":"product-type-simple"},"yoast_head":"<!-- This site is optimized with the Yoast SEO plugin v27.5 - https:\/\/yoast.com\/product\/yoast-seo-wordpress\/ -->\n<title>Cet hiver prot\u00e9gez votre bassin gr\u00e2ce \u00e0 la cloche anti-gel Superfish | Naturama Haguenau<\/title>\n<meta name=\"robots\" content=\"index, follow, max-snippet:-1, max-image-preview:large, max-video-preview:-1\" \/>\n<link rel=\"canonical\" href=\"https:\/\/www.naturama-animalerie.com\/haguenau\/produit\/cet-hiver-protegez-votre-bassin-grace-a-la-cloche-anti-gel-superfish\/\" \/>\n<meta property=\"og:locale\" content=\"fr_FR\" \/>\n<meta property=\"og:type\" content=\"article\" \/>\n<meta property=\"og:title\" content=\"Cet hiver prot\u00e9gez votre bassin gr\u00e2ce \u00e0 la cloche anti-gel Superfish | Naturama Haguenau\" \/>\n<meta property=\"og:description\" content=\"Cet hiver prot\u00e9gez votre bassin des temp\u00e9ratures n\u00e9gatives gr\u00e2ce \u00e0 la cloche anti-gel de Superfish. Elle permet de conserver une zone hors gel afin que vos poissons puissent respirer en surface.\" \/>\n<meta property=\"og:url\" content=\"https:\/\/www.naturama-animalerie.com\/haguenau\/produit\/cet-hiver-protegez-votre-bassin-grace-a-la-cloche-anti-gel-superfish\/\" \/>\n<meta property=\"og:site_name\" content=\"Naturama Haguenau\" \/>\n<meta property=\"article:modified_time\" content=\"2022-01-04T13:44:48+00:00\" \/>\n<meta property=\"og:image\" content=\"https:\/\/www.naturama-animalerie.com\/haguenau\/wp-content\/uploads\/sites\/2\/2021\/12\/bassin-gel.jpg\" \/>\n\t<meta property=\"og:image:width\" content=\"500\" \/>\n\t<meta property=\"og:image:height\" content=\"500\" \/>\n\t<meta property=\"og:image:type\" content=\"image\/jpeg\" \/>\n<meta name=\"twitter:card\" content=\"summary_large_image\" \/>\n<meta name=\"twitter:label1\" content=\"Dur\u00e9e de lecture estim\u00e9e\" \/>\n\t<meta name=\"twitter:data1\" content=\"1 minute\" \/>\n<script type=\"application\/ld+json\" class=\"yoast-schema-graph\">{\"@context\":\"https:\\\/\\\/schema.org\",\"@graph\":[{\"@type\":\"WebPage\",\"@id\":\"https:\\\/\\\/www.naturama-animalerie.com\\\/haguenau\\\/produit\\\/cet-hiver-protegez-votre-bassin-grace-a-la-cloche-anti-gel-superfish\\\/\",\"url\":\"https:\\\/\\\/www.naturama-animalerie.com\\\/haguenau\\\/produit\\\/cet-hiver-protegez-votre-bassin-grace-a-la-cloche-anti-gel-superfish\\\/\",\"name\":\"Cet hiver prot\u00e9gez votre bassin gr\u00e2ce \u00e0 la cloche anti-gel Superfish | Naturama Haguenau\",\"isPartOf\":{\"@id\":\"https:\\\/\\\/www.naturama-animalerie.com\\\/haguenau\\\/#website\"},\"primaryImageOfPage\":{\"@id\":\"https:\\\/\\\/www.naturama-animalerie.com\\\/haguenau\\\/produit\\\/cet-hiver-protegez-votre-bassin-grace-a-la-cloche-anti-gel-superfish\\\/#primaryimage\"},\"image\":{\"@id\":\"https:\\\/\\\/www.naturama-animalerie.com\\\/haguenau\\\/produit\\\/cet-hiver-protegez-votre-bassin-grace-a-la-cloche-anti-gel-superfish\\\/#primaryimage\"},\"thumbnailUrl\":\"https:\\\/\\\/www.naturama-animalerie.com\\\/haguenau\\\/wp-content\\\/uploads\\\/sites\\\/2\\\/2021\\\/12\\\/bassin-gel.jpg\",\"datePublished\":\"2022-01-04T13:23:19+00:00\",\"dateModified\":\"2022-01-04T13:44:48+00:00\",\"breadcrumb\":{\"@id\":\"https:\\\/\\\/www.naturama-animalerie.com\\\/haguenau\\\/produit\\\/cet-hiver-protegez-votre-bassin-grace-a-la-cloche-anti-gel-superfish\\\/#breadcrumb\"},\"inLanguage\":\"fr-FR\",\"potentialAction\":[{\"@type\":\"ReadAction\",\"target\":[\"https:\\\/\\\/www.naturama-animalerie.com\\\/haguenau\\\/produit\\\/cet-hiver-protegez-votre-bassin-grace-a-la-cloche-anti-gel-superfish\\\/\"]}]},{\"@type\":\"ImageObject\",\"inLanguage\":\"fr-FR\",\"@id\":\"https:\\\/\\\/www.naturama-animalerie.com\\\/haguenau\\\/produit\\\/cet-hiver-protegez-votre-bassin-grace-a-la-cloche-anti-gel-superfish\\\/#primaryimage\",\"url\":\"https:\\\/\\\/www.naturama-animalerie.com\\\/haguenau\\\/wp-content\\\/uploads\\\/sites\\\/2\\\/2021\\\/12\\\/bassin-gel.jpg\",\"contentUrl\":\"https:\\\/\\\/www.naturama-animalerie.com\\\/haguenau\\\/wp-content\\\/uploads\\\/sites\\\/2\\\/2021\\\/12\\\/bassin-gel.jpg\",\"width\":500,\"height\":500},{\"@type\":\"BreadcrumbList\",\"@id\":\"https:\\\/\\\/www.naturama-animalerie.com\\\/haguenau\\\/produit\\\/cet-hiver-protegez-votre-bassin-grace-a-la-cloche-anti-gel-superfish\\\/#breadcrumb\",\"itemListElement\":[{\"@type\":\"ListItem\",\"position\":1,\"name\":\"Accueil\",\"item\":\"https:\\\/\\\/www.naturama-animalerie.com\\\/haguenau\\\/\"},{\"@type\":\"ListItem\",\"position\":2,\"name\":\"vente-en-ligne\",\"item\":\"https:\\\/\\\/www.naturama-animalerie.com\\\/haguenau\\\/vente-en-ligne\\\/\"},{\"@type\":\"ListItem\",\"position\":3,\"name\":\"Cet hiver prot\u00e9gez votre bassin gr\u00e2ce \u00e0 la cloche anti-gel Superfish\"}]},{\"@type\":\"WebSite\",\"@id\":\"https:\\\/\\\/www.naturama-animalerie.com\\\/haguenau\\\/#website\",\"url\":\"https:\\\/\\\/www.naturama-animalerie.com\\\/haguenau\\\/\",\"name\":\"Naturama\",\"description\":\"Animalerie &amp; p\u00eache en Alsace\",\"publisher\":{\"@id\":\"https:\\\/\\\/www.naturama-animalerie.com\\\/haguenau\\\/#organization\"},\"potentialAction\":[{\"@type\":\"SearchAction\",\"target\":{\"@type\":\"EntryPoint\",\"urlTemplate\":\"https:\\\/\\\/www.naturama-animalerie.com\\\/haguenau\\\/?s={search_term_string}\"},\"query-input\":{\"@type\":\"PropertyValueSpecification\",\"valueRequired\":true,\"valueName\":\"search_term_string\"}}],\"inLanguage\":\"fr-FR\"},{\"@type\":\"Organization\",\"@id\":\"https:\\\/\\\/www.naturama-animalerie.com\\\/haguenau\\\/#organization\",\"name\":\"Naturama Animalerie et P\u00eache\",\"url\":\"https:\\\/\\\/www.naturama-animalerie.com\\\/haguenau\\\/\",\"logo\":{\"@type\":\"ImageObject\",\"inLanguage\":\"fr-FR\",\"@id\":\"https:\\\/\\\/www.naturama-animalerie.com\\\/haguenau\\\/#\\\/schema\\\/logo\\\/image\\\/\",\"url\":\"https:\\\/\\\/www.naturama-animalerie.com\\\/haguenau\\\/wp-content\\\/uploads\\\/sites\\\/2\\\/2019\\\/07\\\/naturama-animalerie2.png\",\"contentUrl\":\"https:\\\/\\\/www.naturama-animalerie.com\\\/haguenau\\\/wp-content\\\/uploads\\\/sites\\\/2\\\/2019\\\/07\\\/naturama-animalerie2.png\",\"width\":500,\"height\":120,\"caption\":\"Naturama Animalerie et P\u00eache\"},\"image\":{\"@id\":\"https:\\\/\\\/www.naturama-animalerie.com\\\/haguenau\\\/#\\\/schema\\\/logo\\\/image\\\/\"}}]}<\/script>\n<!-- \/ Yoast SEO plugin. -->","yoast_head_json":{"title":"Cet hiver prot\u00e9gez votre bassin gr\u00e2ce \u00e0 la cloche anti-gel Superfish | Naturama Haguenau","robots":{"index":"index","follow":"follow","max-snippet":"max-snippet:-1","max-image-preview":"max-image-preview:large","max-video-preview":"max-video-preview:-1"},"canonical":"https:\/\/www.naturama-animalerie.com\/haguenau\/produit\/cet-hiver-protegez-votre-bassin-grace-a-la-cloche-anti-gel-superfish\/","og_locale":"fr_FR","og_type":"article","og_title":"Cet hiver prot\u00e9gez votre bassin gr\u00e2ce \u00e0 la cloche anti-gel Superfish | Naturama Haguenau","og_description":"Cet hiver prot\u00e9gez votre bassin des temp\u00e9ratures n\u00e9gatives gr\u00e2ce \u00e0 la cloche anti-gel de Superfish. Elle permet de conserver une zone hors gel afin que vos poissons puissent respirer en surface.","og_url":"https:\/\/www.naturama-animalerie.com\/haguenau\/produit\/cet-hiver-protegez-votre-bassin-grace-a-la-cloche-anti-gel-superfish\/","og_site_name":"Naturama Haguenau","article_modified_time":"2022-01-04T13:44:48+00:00","og_image":[{"width":500,"height":500,"url":"https:\/\/www.naturama-animalerie.com\/haguenau\/wp-content\/uploads\/sites\/2\/2021\/12\/bassin-gel.jpg","type":"image\/jpeg"}],"twitter_card":"summary_large_image","twitter_misc":{"Dur\u00e9e de lecture estim\u00e9e":"1 minute"},"schema":{"@context":"https:\/\/schema.org","@graph":[{"@type":"WebPage","@id":"https:\/\/www.naturama-animalerie.com\/haguenau\/produit\/cet-hiver-protegez-votre-bassin-grace-a-la-cloche-anti-gel-superfish\/","url":"https:\/\/www.naturama-animalerie.com\/haguenau\/produit\/cet-hiver-protegez-votre-bassin-grace-a-la-cloche-anti-gel-superfish\/","name":"Cet hiver prot\u00e9gez votre bassin gr\u00e2ce \u00e0 la cloche anti-gel Superfish | Naturama Haguenau","isPartOf":{"@id":"https:\/\/www.naturama-animalerie.com\/haguenau\/#website"},"primaryImageOfPage":{"@id":"https:\/\/www.naturama-animalerie.com\/haguenau\/produit\/cet-hiver-protegez-votre-bassin-grace-a-la-cloche-anti-gel-superfish\/#primaryimage"},"image":{"@id":"https:\/\/www.naturama-animalerie.com\/haguenau\/produit\/cet-hiver-protegez-votre-bassin-grace-a-la-cloche-anti-gel-superfish\/#primaryimage"},"thumbnailUrl":"https:\/\/www.naturama-animalerie.com\/haguenau\/wp-content\/uploads\/sites\/2\/2021\/12\/bassin-gel.jpg","datePublished":"2022-01-04T13:23:19+00:00","dateModified":"2022-01-04T13:44:48+00:00","breadcrumb":{"@id":"https:\/\/www.naturama-animalerie.com\/haguenau\/produit\/cet-hiver-protegez-votre-bassin-grace-a-la-cloche-anti-gel-superfish\/#breadcrumb"},"inLanguage":"fr-FR","potentialAction":[{"@type":"ReadAction","target":["https:\/\/www.naturama-animalerie.com\/haguenau\/produit\/cet-hiver-protegez-votre-bassin-grace-a-la-cloche-anti-gel-superfish\/"]}]},{"@type":"ImageObject","inLanguage":"fr-FR","@id":"https:\/\/www.naturama-animalerie.com\/haguenau\/produit\/cet-hiver-protegez-votre-bassin-grace-a-la-cloche-anti-gel-superfish\/#primaryimage","url":"https:\/\/www.naturama-animalerie.com\/haguenau\/wp-content\/uploads\/sites\/2\/2021\/12\/bassin-gel.jpg","contentUrl":"https:\/\/www.naturama-animalerie.com\/haguenau\/wp-content\/uploads\/sites\/2\/2021\/12\/bassin-gel.jpg","width":500,"height":500},{"@type":"BreadcrumbList","@id":"https:\/\/www.naturama-animalerie.com\/haguenau\/produit\/cet-hiver-protegez-votre-bassin-grace-a-la-cloche-anti-gel-superfish\/#breadcrumb","itemListElement":[{"@type":"ListItem","position":1,"name":"Accueil","item":"https:\/\/www.naturama-animalerie.com\/haguenau\/"},{"@type":"ListItem","position":2,"name":"vente-en-ligne","item":"https:\/\/www.naturama-animalerie.com\/haguenau\/vente-en-ligne\/"},{"@type":"ListItem","position":3,"name":"Cet hiver prot\u00e9gez votre bassin gr\u00e2ce \u00e0 la cloche anti-gel Superfish"}]},{"@type":"WebSite","@id":"https:\/\/www.naturama-animalerie.com\/haguenau\/#website","url":"https:\/\/www.naturama-animalerie.com\/haguenau\/","name":"Naturama","description":"Animalerie &amp; p\u00eache en Alsace","publisher":{"@id":"https:\/\/www.naturama-animalerie.com\/haguenau\/#organization"},"potentialAction":[{"@type":"SearchAction","target":{"@type":"EntryPoint","urlTemplate":"https:\/\/www.naturama-animalerie.com\/haguenau\/?s={search_term_string}"},"query-input":{"@type":"PropertyValueSpecification","valueRequired":true,"valueName":"search_term_string"}}],"inLanguage":"fr-FR"},{"@type":"Organization","@id":"https:\/\/www.naturama-animalerie.com\/haguenau\/#organization","name":"Naturama Animalerie et P\u00eache","url":"https:\/\/www.naturama-animalerie.com\/haguenau\/","logo":{"@type":"ImageObject","inLanguage":"fr-FR","@id":"https:\/\/www.naturama-animalerie.com\/haguenau\/#\/schema\/logo\/image\/","url":"https:\/\/www.naturama-animalerie.com\/haguenau\/wp-content\/uploads\/sites\/2\/2019\/07\/naturama-animalerie2.png","contentUrl":"https:\/\/www.naturama-animalerie.com\/haguenau\/wp-content\/uploads\/sites\/2\/2019\/07\/naturama-animalerie2.png","width":500,"height":120,"caption":"Naturama Animalerie et P\u00eache"},"image":{"@id":"https:\/\/www.naturama-animalerie.com\/haguenau\/#\/schema\/logo\/image\/"}}]}},"publishpress_future_workflow_manual_trigger":{"enabledWorkflows":[]},"_links":{"self":[{"href":"https:\/\/www.naturama-animalerie.com\/haguenau\/wp-json\/wp\/v2\/product\/5965","targetHints":{"allow":["GET"]}}],"collection":[{"href":"https:\/\/www.naturama-animalerie.com\/haguenau\/wp-json\/wp\/v2\/product"}],"about":[{"href":"https:\/\/www.naturama-animalerie.com\/haguenau\/wp-json\/wp\/v2\/types\/product"}],"wp:featuredmedia":[{"embeddable":true,"href":"https:\/\/www.naturama-animalerie.com\/haguenau\/wp-json\/wp\/v2\/media\/5592"}],"wp:attachment":[{"href":"https:\/\/www.naturama-animalerie.com\/haguenau\/wp-json\/wp\/v2\/media?parent=5965"}],"wp:term":[{"taxonomy":"product_brand","embeddable":true,"href":"https:\/\/www.naturama-animalerie.com\/haguenau\/wp-json\/wp\/v2\/product_brand?post=5965"},{"taxonomy":"product_cat","embeddable":true,"href":"https:\/\/www.naturama-animalerie.com\/haguenau\/wp-json\/wp\/v2\/product_cat?post=5965"},{"taxonomy":"product_tag","embeddable":true,"href":"https:\/\/www.naturama-animalerie.com\/haguenau\/wp-json\/wp\/v2\/product_tag?post=5965"}],"curies":[{"name":"wp","href":"https:\/\/api.w.org\/{rel}","templated":true}]}}